j(-36)?
-42
Let t(d) = d**2 + 100*d + 2444. What is t(-58)?
8
Let c(z) = -z**2 + 3982*z - 3980. Determine c(1).
1
Let z(j) = j**3 + 3*j**2 - 127*j + 34. What is z(10)?
64
Let g(d) = -82*d**2 + 570*d + 34. Give g(7).
6
Let y(w) = -22*w**3 - 3*w**2 - 11*w + 15. Calculate y(1).
-21
Let r(k) = 2*k**3 - 167*k**2 - 83*k - 85. Determine r(84).
-1
Let c(o) = -7*o**3 - 7*o**2 - 14*o + 9. Calculate c(-3).
177
Let s(c) = 212*c**2 + 1913*c + 38. What is s(-9)?
-7
Let c(h) = 2*h**2 - 30*h + 6. Give c(15).
6
Let p(n) = 17*n**3 - 10*n**2 - n - 5. Give p(-3).
-551
Let g(a) = -a**3 + 31*a**2 - 197*a - 76. What is g(22)?
-54
Let o(g) = 125*g - 6877. What is o(55)?
-2
Let d(f) = -2*f**3 + 37*f**2 - 65*f + 239. Determine d(17).
1
Let z(l) = -l**3 - 8*l**2 - 18*l + 1. Give z(-8).
145
Let w(y) = 18*y + 1811. What is w(-102)?
-25
Let j(c) = c**3 - 18*c**2 - 2*c + 68. Calculate j(18).
32
Let x(y) = -y**2 - 61*y - 816. Determine x(-41).
4
Let x(j) = -2*j**3 + j - 3. Give x(3).
-54
Let f(v) = -v**2 - 317*v - 18646. What is f(-239)?
-4
Let p(z) = -6*z**2 - 96*z - 330. Calculate p(-5).
0
Let d(w) = -2*w**2 - 2335*w + 11722. What is d(5)?
-3
Let z(p) = -p**2 + 62*p + 60. What is z(63)?
-3
Let r(n) = n**3 - 7*n**2 - 101*n + 696. Determine r(9).
-51
Let d(y) = -y**3 + 27*y**2 - 25*y - 38. What is d(26)?
-12
Let z(w) = -2*w**2 - 54*w + 60. Calculate z(-33).
-336
Let d(b) = -50*b + 45. What is d(3)?
-105
Let u(n) = 26*n**2 - 12*n - 13. Calculate u(-3).
257
Let c(j) = j**3 - 83*j**2 + 321*j + 348. Calculate c(5).
3
Let r(f) = -52*f + 2045. Determine r(42).
-139
Let c(k) = -2*k**2 - 49*k - 202. Calculate c(-19).
7
Let h(n) = -9*n**2 + 7*n - 2. What is h(4)?
-118
Let b(v) = v**2 - 371*v + 27439. Determine b(102).
1
Let b(r) = 123*r - 4301. Give b(35).
4
Let y(l) = 3*l**3 + 185*l**2 - 69*l - 435. Determine y(-62).
-1
Let s(i) = 114*i - 2360. Calculate s(21).
34
Let j(x) = 51*x + 182. What is j(-6)?
-124
Let b(d) = -39*d + 111. Determine b(2).
33
Let b(j) = j**2 - 113*j + 1300. Calculate b(13).
0
Let t(d) = d**2 + 129*d + 3166. What is t(-34)?
-64
Let c(r) = -r**2 + 291*r - 4394. Determine c(16).
6
Let q(g) = 5*g**2 - 43*g + 81. Give q(6).
3
Let a(y) = -y**3 - 10*y**2 + 16*y + 31. What is a(-11)?
-24
Let a(z) = -27*z**2 - 33*z - 77. Calculate a(-2).
-119
Let k(d) = 8*d - 98. What is k(-30)?
-338
Let p(o) = -o**3 + o**2 + 27*o - 2. What is p(-5)?
13
Let q(b) = -3*b**2 + 20*b + 5. Determine q(5).
30
Let s(j) = 119*j + 8094. Give s(-67).
121
Let h(w) = w**3 - 10*w**2 - 90*w + 702. What is h(13)?
39
Let i(z) = -23*z + 304. Calculate i(5).
189
Let o(g) = -137*g - 16739. What is o(-122)?
-25
Let z(c) = -15*c**2 - 270*c + 11. What is z(-18)?
11
Let p(o) = 12*o - 140. What is p(35)?
280
Let s(r) = -r**3 + 5*r**2 - r - 3. Give s(2).
7
Let v(q) = 1342*q - 59047. Give v(44).
1
Let i(x) = -6487*x - 58376. Give i(-9).
7
Let l(z) = -z**3 + 6*z**2 - 26*z + 219. Calculate l(7).
-12
Let c(a) = 5*a + 51. Calculate c(9).
96
Let f(w) = 4211*w + 101066. Give f(-24).
2
Let y(v) = 12*v - 513. Determine y(26).
-201
Let v(z) = z**3 - 2*z**2 - 106*z - 82. Determine v(-9).
-19
Let j(l) = -3*l**2 + 14*l + 64. What is j(8)?
-16
Let j(i) = -82*i - 96. Calculate j(-5).
314
Let w(d) = -d**3 + 9*d**2 + 5*d - 49. Calculate w(6).
89
Let m(o) = -21*o**2 + 5*o + 16. Calculate m(-3).
-188
Let i(s) = 8*s**3 - 15*s - 11. Determine i(-4).
-463
Let s(i) = 9*i**2 - 19*i + 34. Determine s(8).
458
Let p(c) = -28*c + 2499. Determine p(91).
-49
Let l(w) = -2*w**3 + 16*w**2 - 47*w + 46. Give l(5).
-39
Let t(s) = 2*s**3 + 31*s**2 - 2*s + 224. Determine t(-16).
0
Let q(a) = 2*a**3 - 346*a**2 + 342*a + 304. Give q(172).
-40
Let p(u) = -9*u**2 - 474*u + 179. Give p(-53).
20
Let d(p) = -p**2 - 16*p - 74. Determine d(-8).
-10
Let w(s) = 11*s + 241. What is w(-25)?
-34
Let m(d) = 18*d**3 + 992*d**2 + 107*d - 124. Calculate m(-55).
41
Let i(b) = -2*b**2 - 122*b - 1805. Calculate i(-32).
51
Let n(l) = -52*l + 378. Determine n(7).
14
Let o(s) = -5*s**2 + 7*s + 97. What is o(7)?
-99
Let s(q) = 30*q + 1. Determine s(1).
31
Let l(a) = -6*a**2 - 52*a - 55. What is l(-7)?
15
Let x(z) = -92*z + 201. Determine x(7).
-443
Let u(k) = -39*k - 29. Give u(5).
-224
Let f(g) = -6*g**2 + 190*g - 292. What is f(30)?
8
Let b(o) = 33*o - 742. Determine b(22).
-16
Let r(p) = -p**2 + 99*p - 2420. Determine r(41).
-42
Let l(g) = -281*g + 1963. Calculate l(7).
-4
Let l(n) = -84*n + 421. Calculate l(5).
1
Let m(t) = -t**3 - 10*t**2 - 794*t - 6254. Calculate m(-8).
-30
Let y(s) = s**3 + 30*s**2 - 64*s - 7. Calculate y(-32).
-7
Let n(z) = 152*z + 412. Give n(-3).
-44
Let s(n) = 468*n - 11212. Calculate s(24).
20
Let a(l) = 284*l + 563. Calculate a(-2).
-5
Let h(a) = -3717*a. Give h(0).
0
Let j(t) = t**3 - 23*t**2 + 20*t + 218. Calculate j(4).
-6
Let p(f) = 2*f - 74. Calculate p(14).
-46
Let j(g) = -5*g**2 + 15*g + 77. Determine j(11).
-363
Let k(h) = -5*h + 830. Calculate k(33).
665
Let o(k) = -k**2 - 42*k + 187. Determine o(4).
3
Let v(p) = 602*p**3 - 4*p**2 + p + 6. Determine v(-1).
-601
Let w(z) = -76*z**2 - 158*z - 325. Calculate w(-2).
-313
Let m(f) = 4*f**2 - 6*f - 1212. Determine m(-17).
46
Let s(n) = 3*n**3 - 1364*n**2 - 21618*n - 941. What is s(470)?
-1
Let d(i) = -i**3 - 45*i**2 - 43*i + 1851. Give d(-43).
2
Let r(j) = j**2 - 18*j - 6. What is r(5)?
-71
Let g(n) = 428*n**3 - 3*n**2 + 16*n - 13. Determine g(1).
428
Let v(i) = 51*i**3 - 2*i**2 + 3*i - 2. Calculate v(2).
404
Let f(k) = 4*k**3 - 3*k**2 + 5*k - 8. Give f(2).
22
Let n(t) = -51*t**2 + 1222*t + 18. Calculate n(24).
-30
Let j(k) = -3*k**3 - 35*k**2 - 105*k + 13. Calculate j(-6).
31
Let r(u) = -39*u + 149. What is r(4)?
-7
Let u(s) = -3*s**3 - 64*s**2 - 13*s + 102. Give u(-21).
-66
Let k(j) = -44*j + 26. Give k(-6).
290
Let j(a) = -a**2 + 43*a - 255. Determine j(32).
97
Let k(y) = -y**3 - 12*y**2 + 263*y + 2547. What is k(-9)?
-63
Let s(i) = i**3 + 53*i**2 + 545*i + 15. Calculate s(-14).
29
Let h(j) = -j + 308. Calculate h(-19).
327
Let x(a) = -a**3 + 32*a**2 + 35*a + 101. Give x(34).
-1021
Let t(q) = 53*q + 7680. Calculate t(-146).
-58
Let d(o) = -o**3 - o**2 + 551*o + 14. What is d(23)?
-9
Let k(m) = -2*m**3 - 19*m**2 + 50. What is k(-9)?
-31
Let b(k) = k**2 - 71*k + 1336. Give b(37).
78
Let n(i) = i**3 + 12*i**2 - 48*i - 61. What is n(-15)?
-16
Let d(f) = -f**3 + 29*f**2 + 27*f + 305. Determine d(30).
215
Let i(r) = 871*r - 7057. Determine i(8).
-89
Let b(g) = 159*g + 3021. Give b(-19).
0
Let t(l) = l**2 + 25*l + 163. Calculate t(-12).
7
Let x(p) = p**3 - 70*p**2 + 149*p - 877. Determine x(68).
7
Let l(o) = -3*o**3 - 22*o**2 + 4*o - 18. What is l(-7)?
-95
Let s(z) = 2*z**2 + 77*z - 5808. Give s(38).
6
Let s(b) = b**3 - 16*b**2 + 70*b - 58. Calculate s(5).
17
Let i(j) = 21*j + 235. Determine i(-8).
67
Let k(q) = -694*q - 10397. Calculate k(-15).
13
Let y(s) = -s**2 + 417*s + 1689. Calculate y(-4).
5
Let i(u) = 6*u - 543. What is i(98)?
45
Let u(x) = x**3 + 11*x**2 - 55*x + 7. What is u(4)?
27
Let o(k) = 41*k + 838. Determine o(-19).
59
Let h(p) = -14*p**2 + 105*p - 336. Calculate h(3).
-147
Let u(q) = -7*q - 308. Give u(-48).
28
Let c(p) = p**2 - 45*p - 487. Determine c(-9).
-1
Let k(b) = b**3 + 11*b**2 - 8*b - 58. Calculate k(-12).
-106
Let s(u) = u**3 + 14*u**2 - 53*u - 694. Calculate s(-15).
-124
Let s(o) = -o**2 - 744*o - 1. Calculate s(0).
-1
Let d(g) = -4*g**3 - 65*g**2 - 73*g + 37. Determine d(-15).
7
Let h(b) = 182*b + 4892. Give h(-27).
-22
Let g(m) = -m**2 - 14*m - 81. Calculate g(-13).
-68
Let d(v) = v**2 + 53*v + 61. What is d(-48)?
-179
Let f(w) = -2*w**2 + 53*w - 6. Give f(4).
174
Let b(x) = -45*x - 4571. Give b(-102).
19
Let b(q) = -q**2 + 400*q + 2438. Calculate b(-6).
2
Let b(o) = 2*o**2 - 50*o + 288. Give b(16).
0
Let a(d) = 3*d**2 - 66*d + 122. Determine a(19).
-49
Let x(l) = -13*l**3 - 517*l**2 + 121*l + 20. What is x(-40)?
-20
Let z(i) = -25*i**2 - 11*i - 21. Give z(-2).
-99
Let h(s) = -8*s + 315. What is h(39)?
3
Let b(h) = 2*h**3 + 17*h**2 - 224*h - 1717. What is b(-7)?
-2
Let k(n) = 1185*n**2 - 1180*n - 8. What is k(1)?
-3
Let y(g) = g**3 + 6*g**2 - 7*g - 2. Determine y(-6).
40
Let n(i) = 445*i + 18244. Determine n(-41).
-1
Let y(s) = 2*s**2 - 23*s - 54. Determine y(16).
90
Let c(q) = 3*q + 86. What is c(-7)?
65
Let p(d) = -d**2 + 7*d + 593. Calculate p(-21).
5
Let